 be a/6 + (-36)/(-54). Suppose h = -z + 47, y = 5*h - 3. What is the units digit of z?
3
Suppose 761*r + 11160 = 767*r. What is the tens digit of r?
6
Suppose -2*s - 8 + 14 = 0. Suppose 0*r - 27 = -s*r. What is the units digit of 3/(r/408*4)?
4
Let t(k) = 47*k + 155. What is the tens digit of t(17)?
5
Let l(c) = c**2 - 4*c + 5. Let d be l(3). Let p = -7 + 10. Let j = d + p. What is the units digit of j?
5
Let m = 75 - 33. What is the units digit of ((-8)/(-14))/(m/1617)?
2
Suppose -2*v - 13*v + 2520 = 0. What is the hundreds digit of v?
1
Let k(n) = -35*n + 31. Let g(t) = 52*t - 46. Let u(z) = 5*g(z) + 7*k(z). What is the hundreds digit of u(9)?
1
Let c(m) = -m**2 - 10*m + 16. Let x be c(-11). Suppose -t - x*a = 4*t - 170, 5*t = -4*a + 169. What is the tens digit of t?
3
Let x(z) = -5*z - 2. Let g be -2*7/(35/10). What is the tens digit of x(g)?
1
Let q(d) = d**2 + 2*d - 7. Let b be q(-4). Let i be 27/18*(19 - b). What is the tens digit of (-4)/(12/i)*-2?
1
Let x = -44 + -29. Let n = 191 + x. What is the hundreds digit of n?
1
Let m(g) = -g + 13. Suppose 3*r - 30 = -h + 4*h, -4*r - 5*h = -58. Let j be m(r). Suppose i - j = 1. What is the units digit of i?
2
Suppose 0 = -5*p - 15, 32 = -3*t - 2*p + 8. Let y = t - -10. Suppose -5*m = -y*z - 2*m + 175, 4*z - m = 173. What is the units digit of z?
3
Suppose 2498 = 5*f + 258. Suppose 3*a + a - f = 0. What is the hundreds digit of a?
1
Let f = 2470 - 1585. What is the hundreds digit of f?
8
Suppose -5*d = -t - 2559, 2043 = 4*d - 12*t + 7*t. What is the tens digit of d?
1
Suppose 0 = -3*k + 76 + 1154. What is the hundreds digit of k?
4
Let w = -14 + 19. Suppose 0 = 3*z - h + 9, 12 = -w*z + h - 3. What is the units digit of z/(-2) + 6/(-12)?
1
What is the hundreds digit of (-11)/165*6 - (-6184)/10?
6
Let v = 270 + -100. What is the tens digit of v?
7
Suppose -8*i + 8 = -6*i. What is the tens digit of (24 - 1)/((-8)/i + 3)?
2
Let v = 2849 - 2034. What is the hundreds digit of v?
8
Let t(k) = 0*k**3 + 0*k**3 + 14 - 7*k**3 - 17*k**2 + 19*k + 8*k**3. What is the units digit of t(16)?
2
Suppose 0 = -4*g - 2*c + 10 - 2, 2*g - 2*c + 8 = 0. Let u be g/(-4) + -2 - 1. What is the units digit of u - 2*(-3 + -12)?
7
Let l(r) = 517*r**2 + 4*r - 4. What is the units digit of l(1)?
7
Suppose -6*w + 10 = 4. What is the units digit of (-9)/(-11) - w - (-1179)/11?
7
What is the tens digit of -8 + 12 + (2418 - -8)?
3
Let x be (-1)/(-1 + (-528)/(-527)). Let i = -317 - x. What is the tens digit of i?
1
Let b(d) = -d + 9. Let y be b(7). What is the hundreds digit of 118 + (-1 - y)/(-3) + 1?
1
Suppose -25 = 3*i + 5*y, 32 = -4*i - 4*y + 4. Let p(z) = 3*z - 6. Let k be p(i). What is the units digit of ((-18)/k)/(2/14)?
6
Suppose -22*n = -18*n - 428. What is the units digit of n?
7
Let h = 70 + 145. Suppose 3*v - 4*z - 51 = 0, 37*z = -3*v + 35*z + 33. What is the tens digit of h/4 - v/(-52)?
5
Let u(g) be the first derivative of g**4/4 - 13*g**3/3 - 11*g**2/2 + 18*g + 7. Let b be u(14). What is the tens digit of ((-3)/2)/((-9)/b)?
1
Suppose -81 = -2*q - q. Let y = q - 4. What is the tens digit of y?
2
Suppose -4*d - 3031 = -4*r + 37, 2*r - 1524 = -3*d. What is the tens digit of r?
6
Let x(q) = -4*q**2 - 5*q**2 + 3 + 8*q**2. Let n be x(-6). Let p = n + 51. What is the units digit of p?
8
Let x = 68 + 27. Let b = x - -22. What is the units digit of b?
7
Let p(j) = -2*j**3 - 13*j**2 - 8*j - 9. Let x be p(-6). Suppose y = x*d + 157, -3*y + 491 = -0*d + d. What is the hundreds digit of y?
1
Let v = 35 - 35. Suppose 2*l = -v*l. Suppose -5*b = -2*z + 107, 2*b + l*b - 170 = -3*z. What is the tens digit of z?
5
Suppose 5*l + 49 = 2*x, -l - l = -4*x + 90. What is the tens digit of x + 1 - 8/(-8)?
2
Let o(a) = 2*a - 31. Let b be o(17). Let s(k) = -k**3 + 3*k**2 - 2*k + 3. Let q be s(2). Suppose -q*c + 20 = -7*c, b*m - 16 = 2*c. What is the units digit of m?
2
Let d be 1*5*(10 + -7). Let i be ((-5)/d)/((-1)/36). Suppose -p + i = -7. What is the tens digit of p?
1
Let a(k) = k**3 - 2*k**2 + 388. Let f be a(0). Suppose 307 = 5*s - f. What is the units digit of s?
9
Let d be (-15)/(-10)*4/3. Let t(f) = -2*f - 16*f**3 - 2*f**2 + 15*f**3 - 3*f**d - 5. What is the units digit of t(-6)?
3
Let y = -97 - -109. What is the units digit of y?
2
Suppose 4*g + 0*x + 133 = 5*x, 4*g + x = -127. Let m = 56 + g. What is the tens digit of m?
2
Let t = 6 + -3. Let y be 7 + 27 + (-14 - -7). What is the tens digit of y - (2 - (t + -4))?
2
Let f(w) = -w**2 - 11*w - 5. Let k(v) = v**2 - 9*v - 10. Let z be k(9). Let n be f(z). What is the units digit of 2*(-28)/(-8)*n?
5
Suppose -82782 = -18*m - 45*m. What is the units digit of m?
4
Let r be 2/(-6)*2/8*0. Suppose r*s + 268 = 4*b + 2*s, 3*b + 3*s = 207. What is the units digit of b?
5
Let a(t) = t - 1. Let z be a(8). Let p(m) = 6*m + 5. Let b be p(z). Let w = -29 + b. What is the units digit of w?
8
Let y = 3 + -1. Suppose -3*x + 2*v + 13 = 0, 3*x - v = 12 + y. Suppose x*o = 37 + 53. What is the units digit of o?
8
Let k(n) = -n**3 - 5*n**2 - 6*n + 5. Suppose 14*m - 9 = 17*m. Let j = -2 + m. What is the units digit of k(j)?
5
Let m = 3574 + 1045. What is the thousands digit of m?
4
Suppose 499*u + 838 = 500*u. What is the units digit of u?
8
Let k = 45 - 29. Suppose -2*y = w - 5, 4 = 2*w - y - k. What is the units digit of w?
9
Let b(c) = -33*c - 1. What is the tens digit of b(-9)?
9
Suppose -2*x + 207 - 60 = v, -x + 708 = 5*v. Suppose 5*q - 535 = 5*j, 5*q - j - 481 = 62. Suppose 5*w - v - q = 0. What is the tens digit of w?
5
Let t = -12 - -17. Let c = -1 - t. Let y = 1 - c. What is the units digit of y?
7
Let r(v) = -31*v + 491. What is the units digit of r(0)?
1
Suppose -7*m + 13 = 2*h - 12*m, 4*m = -4*h + 12. Suppose -30 = -q + 6. Suppose -h*u + u = -q. What is the units digit of u?
2
Let g = 3002 - 1570. What is the thousands digit of g?
1
Suppose -565 = 5*a - 5*f + 65, 5*a - 4*f + 634 = 0. Let s = -76 - a. What is the units digit of s?
4
Suppose -i - f = -2*i - 5, f - 5 = -5*i. Suppose -5*r + 40 + 20 = i. What is the units digit of 490/r + (-1)/(-6)?
1
Suppose 4*n - 45 = 5*b, 2*b - 6*b - 30 = -2*n. Let s(p) = 2*p**2 + p - 14. Let w be s(10). Suppose x - n*x = -w. What is the tens digit of x?
4
Let b = 6916 + -4338. What is the units digit of b?
8
Let d be (-2)/3 + 10/6. Suppose -28*l + 32*l = -5*h - 5, 3*l + 15 = 0. Let p = h - d. What is the units digit of p?
2
Suppose 0 = -14*d + 8*d + 1518. Suppose 8*t - d = -77. What is the units digit of t?
2
Let j be 13/104 - 31/(-8). Suppose 5*r - j*h = 353, r - 4*r = -4*h - 215. What is the units digit of r?
9
Suppose m - 4 = -3*m. What is the tens digit of (73 + m)*9/18?
3
Suppose 3*u - 1392 = u. Suppose -u = 7*v - 13*v. What is the tens digit of v?
1
Let s be (-399)/114*(-4)/(-7)*-1. Suppose 42 = -2*c + 5*c. Suppose 0 = t - s*t + c. What is the tens digit of t?
1
Suppose l = 4*l + 2*h - 2498, 3*h + 2523 = 3*l. What is the hundreds digit of l?
8
Suppose -s + 5*s = -3*u - 22, u = -2. Let p be s/12 - (-80)/6. Let l = p + 39. What is the units digit of l?
2
Let j(o) = 15*o**2 + o - 1. Let t be j(1). Suppose -20*p + 975 = -t*p. What is the hundreds digit of p?
1
What is the units digit of (-5)/(15/(-2978))*66/44?
9
Let n(l) = -l**2 - 41*l - 55. Let f(p) = p**2 + 40*p + 56. Let g(a) = -6*f(a) - 5*n(a). What is the units digit of g(-27)?
5
Suppose 2*x = 6*x - 20. Suppose -2*h - 115 = w + 4*w, 2*w + 17 = x*h. Let k = -15 - w. What is the units digit of k?
6
Let c(n) = -n**2 + n - 13. Let b be c(0). Let u = 17 + b. Suppose 0 = u*d - 40. What is the units digit of d?
0
Let c(u) = 2*u**3 - 12*u**2 - 16*u + 16. What is the hundreds digit of c(10)?
6
Suppose 2*r - 25 = 83. Suppose r*y - 51*y - 255 = 0. What is the units digit of y?
5
Let o(l) = -l**3 - 3*l**2 - 3. Let d be o(-9). Suppose d = 7*v - 0*v. What is the tens digit of v?
6
Let w(y) = 2 - 2 + 5 + 9*y - 1. Let n be w(4). Suppose -n = -3*q + 41. What is the units digit of q?
7
Let v = 7 - -40. What is the units digit of 0 + v + 2/1?
9
Suppose 13*f - 4281 = 9980. What is the hundreds digit of f?
0
Let f = -16 + 22. Suppose -3*j = 5*o + 68, -j + 5*o + 130 = -f*j. Let x = 44 + j. What is the tens digit of x?
1
Let f = 28 - 24. Suppose f*k - 4*q - 35 = k, -5*k = 2*q - 93. What is the tens digit of k?
1
Let a be 0/(5 + -